-2*g + t = -3*i - 0, 5*i = 3*g - 5. What is the hundreds digit of (-46 + 3)/(i/(-8))?
1
Let h be 4/(-22) + 10058*(-3)/(-66). What is the units digit of h + (-4)/2*(-81)/54?
0
Let d = 58390 - 32047. What is the units digit of d?
3
Suppose -52 + 172 = 20*i. Let q(u) = 3*u**3 - 7*u**2 + u + 14. What is the tens digit of q(i)?
1
Suppose 0 = v + 10*v - 297. Suppose -8271 = v*w - 36*w. What is the tens digit of w?
1
Let i = 2165 + 2162. What is the units digit of i?
7
Let f be 6 - 2 - (-9 + (-2 - -2)). Let u = f - 10. Suppose u*q - 1190 = -7*q. What is the hundreds digit of q?
1
Suppose -2*u = 2*o - 10, -5*u + 0*o = 2*o - 28. Suppose 0*b + u = 4*b - 5*t, 5*b = -2*t - 9. What is the hundreds digit of 1*(109 - (b - 2/(-2)))?
1
Suppose 414*f = 5*k + 418*f - 87670, -17528 = -k - 2*f. What is the units digit of k?
8
Suppose 0 = -n, -2*n + 1 - 9 = -2*w. Suppose 8*c = -w*c + 6984. What is the tens digit of c?
8
Suppose -37*j - 40*j + 76*j = -10082. What is the thousands digit of j?
0
Suppose -6*n + 117 = -7*n. Suppose -776 = 3*k - 4*w, -5*k - 13*w - 1285 = -18*w. Let f = n - k. What is the hundreds digit of f?
1
Let g be (-105994)/16 + 5/(80/(-6)). What is the units digit of (0 - 0) + g/(-25)?
5
Let y(m) = 14*m**3 - m**2 + m + 1. Let o be y(2). Suppose 53 + o = 4*c. What is the units digit of c?
1
Let v(q) = -q**3 + 14*q**2 - 11*q + 16. Let r be v(7). Suppose 42 = i + r. Let x = -122 - i. What is the hundreds digit of x?
1
Let a(u) = u**2 + 994*u + 26363. What is the ten thousands digit of a(0)?
2
Suppose 30*v - 20521 = 245459. Suppose -o + 14*o = v. What is the hundreds digit of o?
6
Suppose 0 = q - 143 + 137. Suppose 0 = a + q*a - 3213. What is the tens digit of a?
5
What is the units digit of ((-50582)/(-4))/(42/72)?
8
Let g(x) = 258*x**2 + 57*x + 10. What is the thousands digit of g(-7)?
2
Suppose 22 = 5*f - 3. Suppose 0 = 4*k - f*l - 16, -3*k = -6*k + 4*l + 11. Suppose -k*p = -5*p - 612. What is the tens digit of p?
5
Let u(d) = -d**3 + 14*d**2 - 11*d - 17. Let h be u(12). Let k = -89 + h. What is the units digit of k?
0
Suppose 0 = 7*u + 170 + 5. Let k(a) = -12*a + 117. What is the units digit of k(u)?
7
Let d = -671 - -686. Suppose 0 = 2*v - 5*q - 2681, 17*v - 4*q - 2678 = d*v. What is the tens digit of v?
3
What is the units digit of (-1127)/84*(3 - 4)*27*12?
7
Let c(z) = 13*z**2 + 10 + 126*z + 2 + 126*z - 256*z. What is the units digit of c(4)?
4
Suppose 146*d + 16*d = 2435184. What is the thousands digit of d?
5
Suppose z - 2*z + 4 = q, -q + 5 = 0. What is the units digit of z/(-3)*-3 + 186?
5
Let r(d) = -d**3 - 8*d**2 + 51*d + 119. What is the thousands digit of r(-28)?
4
Let t(w) = 28*w - 5. Let h(o) = -112*o + 20. Let v(c) = -2*h(c) - 9*t(c). Suppose 8*p + 15 = 3*p. What is the units digit of v(p)?
9
Suppose -11 + 5 = -3*h. Let g be -1 + -1 - ((3 - 7) + h). Suppose 5*w - 53 - 112 = g. What is the tens digit of w?
3
Suppose 10*f - 29*f = -11*f - 80232. What is the thousands digit of f?
0
Suppose 2*r + d - 28 = r, 16 = r + 4*d. Suppose 4*c + 6*g + 28 = g, 4*c + 4*g = -r. Let f(o) = o**3 + 12*o**2 - 8*o + 29. What is the hundreds digit of f(c)?
1
Suppose 0 = 4*j - 4, 5*x - 21465 = -12*j + 17*j. Suppose 4528 = 11*s - x. What is the hundreds digit of s?
8
Let s(q) = -9228*q + 245. What is the ten thousands digit of s(-2)?
1
Let m = 22385 + -10685. What is the tens digit of m?
0
Let c(b) = 3*b**3 - 146*b**2 - 30*b + 23. What is the units digit of c(49)?
4
Suppose -7*p - 92 = 223. What is the units digit of (-3)/15 + (-19629)/p?
6
Suppose -3*n - 4*n + 95616 = 5*n. What is the thousands digit of n?
7
Let j(f) = 2327*f - 2236. What is the units digit of j(15)?
9
Let v = 23494 - 8880. What is the thousands digit of v?
4
Let a = 25322 - 12880. What is the ten thousands digit of a?
1
Let x(p) = -24 - 32*p - 62 - p. What is the hundreds digit of x(-9)?
2
Suppose 1904*x - 62870 = 1891*x + 57523. What is the hundreds digit of x?
2
Let g be (3 + (-15)/10)/(3/126). What is the units digit of (-14)/(-6) + 16107/g?
8
Suppose -164*k = -183*k + 383553. What is the hundreds digit of k?
1
Suppose 16*h + 684 = -3*h. What is the tens digit of ((-18)/(-4))/((-1)/h)?
6
Suppose -6*m + 6619 + 18197 = 0. What is the units digit of 12/(-8)*m/(-12)?
7
Let t(l) = 2*l**2. Let m(i) = 5*i**2 - i + 1. Let u(r) = 3*m(r) - 7*t(r). Let j be u(0). What is the tens digit of -2*173*j/(-6)?
7
What is the hundreds digit of 9/(-2)*(-25774)/21 - (-1 - 2)?
5
Let z(v) = v**2 - v - 8. Let k be z(-5). Suppose -k*q + 120 = -16*q. What is the tens digit of q?
2
Let t be -4 + ((-3)/2)/((-48)/10112). Let o = -143 + t. What is the tens digit of o?
6
Let n = -220 + 2647. Let c = n - 995. What is the units digit of c?
2
Let q(i) = 103*i**2 + 173*i - 57. What is the units digit of q(6)?
9
Suppose 0 = -18*m + 35*m - 74970 - 54060. What is the tens digit of m?
9
Suppose 120 = 8*f + 24. Suppose -24*v = -f*v - 2940. What is the hundreds digit of v?
2
Suppose 0 = 37*m - 10*m - 76329. What is the tens digit of m?
2
Let o(j) = 37*j - 32. Let r(u) = 25*u - 21. Suppose -1 + 6 = h + 3*m, 4*h = -3*m + 29. Let f(y) = h*r(y) - 5*o(y). What is the units digit of f(3)?
7
What is the hundreds digit of (-1 + -2037 + 0)*(12614/28)/(-17)?
0
Let o = 1442 - 1440. Let t be 3/5 + 4/10. Suppose -t = -o*u + 11. What is the units digit of u?
6
Let d(r) = 25*r**2 - r - 129. What is the tens digit of d(-17)?
1
Let g(l) = -105*l + 18. Let m(y) = -158*y + 27. Let d = 20 - 28. Let c(q) = d*g(q) + 5*m(q). What is the tens digit of c(3)?
4
Suppose -3*r = 2*n - 183, 237 = -4*n + 2*r + 611. Let o be 10 + 25/(350/(-84)). Suppose 4*l - 96 = -w, 0 = o*w + 2*l - 263 - n. What is the tens digit of w?
8
Let j(r) = 17*r**3 - 6*r**2 - 8*r + 11. Let k be j(4). Suppose 408*i - 409*i + k = 0. What is the tens digit of i?
7
Suppose 0 = 5*p - 5*h - 312540, -5*h - 125001 = 185*p - 187*p. What is the thousands digit of p?
2
Let j = -46 + 48. Let x be j + (0 - 3) - (-3 + -2). Suppose 20 = x*f - 156. What is the units digit of f?
4
Let o(g) = -327*g**3 + 8*g**2 - 9*g - 8. What is the units digit of o(-3)?
0
Let z = -42 + 87. Let l be 4/3 + 5520/z. Suppose l = -4*k + 6*k. What is the tens digit of k?
6
Suppose b - 3*b = -100. Suppose -f = z - b, -2*z - 185 = -3*f + 2*z. Let q = f - 17. What is the units digit of q?
8
Let a(k) = -4*k - 11. Let i be a(-8). Let v = i - 35. What is the units digit of (15/(-5) + 5)/((-2)/v)?
4
Suppose -6*q - 13 = -25. What is the tens digit of (9/(-27))/(q/(-1860)*2)?
5
Let r(g) = -8*g**3 + 6*g**2 + 9*g + 11. Let k(v) = -v. Let o(l) = -4*k(l) - r(l). Let h be o(-6). What is the hundreds digit of 4/6 - h/15?
1
Let j = 8911 - 5578. What is the units digit of j?
3
Suppose 3*y + 99 = 4*s, 0 = 4*s - y - 99 - 6. Let n(x) = 15 - 1 - x - s. What is the units digit of n(-18)?
5
Suppose 4*f - 56 = -0*l + 2*l, -2*l - f = 46. What is the units digit of 2118/4*(-16)/l?
3
Suppose -48*d = 47*d - 908770. What is the units digit of d?
6
Suppose 13*f = 10*f + 15. Suppose -5*d = -2*p - 16, 2*d + p + 9 = 5*d. Suppose 0*v = -f*i - 5*v + 600, -5*i = -d*v - 607. What is the tens digit of i?
2
Suppose -150*c - 944 = -154*c. Suppose 4*p + c = 1540. What is the hundreds digit of p?
3
What is the tens digit of (-2951 - (-2 - -4))*(-29 + 26)?
5
Let s(t) = -t**3 - 11*t**2 - 6*t - 10. Let k be 192/(-15) + (-8)/(-10). Let u be s(k). Suppose -3*j + u = -22. What is the units digit of j?
6
Let b(x) = 2*x**2 - 19*x + 26. Let k be b(8). Let a(h) be the third derivative of 25*h**4/24 + 2*h**2. What is the tens digit of a(k)?
5
Let a = 19593 + -10398. What is the tens digit of a?
9
Let d(v) = -2*v - 41. Let c be d(-22). Suppose -3*s - h - 581 = -4*s, c*s - 1751 = h. What is the tens digit of s?
8
Suppose 16326 - 5777 + 8639 = 13*z. What is the hundreds digit of z?
4
Let l = -5188 - -9612. What is the units digit of l?
4
Let b(r) = 2*r - 24. Let t be b(12). Suppose t = 4*a + 4*l - 829 - 371, 0 = a - 4*l - 315. What is the hundreds digit of a?
3
Suppose -3*k - 8 + 34 = 5*y, -3*k + 4*y = 10. Let c(s) = 4*s**2 - 2*s - 2. Let l be c(k). Suppose 11*o - 61 = l*o. What is the units digit of o?
1
Let z(m) = 126*m - 14. Let n(t) = 2. Let i(h) = 2*n(h) + z(h). What is the hundreds digit of i(3)?
3
Let z(s) be the third derivative of -13*s**4/6 - 221*s**3/6 + 142*s**2